{"id":42,"date":"2021-08-20T15:26:57","date_gmt":"2021-08-20T18:26:57","guid":{"rendered":"https:\/\/pjcontabil.com\/site\/home\/"},"modified":"2022-09-14T16:28:04","modified_gmt":"2022-09-14T19:28:04","slug":"home","status":"publish","type":"page","link":"https:\/\/pjcontabil.com\/site\/","title":{"rendered":"Home"},"content":{"rendered":"\n\n\n<h6>Contabilidade 100% Automatizada<\/h6>\n<h2>Recently<\/h2>\n<h5>tudo digital. zero papel<\/h5>\n<p style=\"text-align: center\">Conhe\u00e7a nossos sistemas especialistas e como voc\u00ea e sua equipe podem acessa-los de qualquer lugar que tenha internet um computador e\/ou celular. <br><br>Agende conosco uma apresenta\u00e7\u00e3o do sistema ERP OMIE ou Conta Azul ou OnBalance e tenha sua contabilidade 100% digital e automatizada a dist\u00e2ncia de 1 clique.<br><br><strong><a href=\"https:\/\/pjcontabil.com\/site\/2022\/09\/14\/startup\/\" target=\"_blank\" rel=\"noopener\"> Pacotes de servi\u00e7os e honor\u00e1rios especiais para Startups!<\/a><\/strong><\/p>\n\n\n<p style=\"text-align: justify; \"> Com um mercado cada vez mais globalizado, alta concorr\u00eancia, mudan\u00e7as na legisla\u00e7\u00e3o e crescimento de encargos e tributos, sua empresa encara, al\u00e9m dos pr\u00f3prios desafios referentes ao ramo, um processo din\u00e2mico, em conjunto com um amontoado de informa\u00e7\u00f5es indispens\u00e1veis e exig\u00eancias legais. A <strong>PJ Cont\u00e1bil<\/strong> est\u00e1 aqui para ajud\u00e1-lo a absorv\u00ea-las e administr\u00e1-las, colocando-se como o seu grande parceiro de jornada e impulsionador. <\/p>\n<p style=\"text-align: justify; \">\u00c9 com constante atualiza\u00e7\u00e3o e especializa\u00e7\u00e3o que fazemos de nosso time uma equipe altamente qualificada para firmar essa parceria, com servi\u00e7os que geram confian\u00e7a e que te impulsionam a ir cada vez mais longe! <\/p>\n\n\n\n\n\n\n\n\n\n\nO que oferecemos?\n<p style=\"text-align: justify; \"><\/p><ul><li>Assumimos as responsabilidades necess\u00e1rias para as \u00e1reas Societ\u00e1ria e Paralegal, Assuntos Fiscais e Tribut\u00e1rios, Folha de Pagamento e Contabilidade.<\/li><br><li>Operamos de maneira tradicional ou online em nosso escrit\u00f3rio ou em seus escrit\u00f3rios.<\/li><br><li>100% Integrado com OMIE ERP, Conta Azul e OnBalance. Podemos integrar ou automatizar a troca de dados com outros sistemas mediante an\u00e1lise pr\u00e9via.<\/li><br><li>Elaboramos relat\u00f3rios gerencias e an\u00e1lises de dados em Power BI.<\/li><br><li>Oferecemos consultoria e assessoria completa de neg\u00f3cios, desde a ideia no papel at\u00e9 a opera\u00e7\u00e3o.<\/li><br><li>Pacotes de outros servi\u00e7os necess\u00e1rios para o seu neg\u00f3cio.<\/li><\/ul>\n\n\n\n<p>Tudo para formalizar, manter e encerrar sua empresa.<\/p>\n<p>Tudo para controlar e gerir o seu principal patrim\u00f4nio.<\/p>\n<p>Faturamento, Cobran\u00e7a, Financeiro, Fluxo de Caixa, TUDO integrado.<\/p>\n\n\n<p>Tudo para ficar tranquilo e em dia com os \u00f3rg\u00e3os fazend\u00e1rios.<\/p>\n<p>Tudo para gerar as Demonstra\u00e7\u00f5es Financeiras da sua empresa.<\/p>\n<p>Nosso suporte soma os seus talentos aos nossos talentos.<\/p>\n\n\n\n\n<h2>OURs partners<\/h2>\n<h6>nossos parceiros<\/h6>\nNossos parceiros adicionam valor aos nossos servi\u00e7os t\u00e9cnicos, expandindo e potencializando nossas solu\u00e7\u00f5es de atendimento, servi\u00e7os e experi\u00eancia na gest\u00e3o de neg\u00f3cios e empresas. Clique <strong><a href=\"https:\/\/pjcontabil.com\/site\/parcerias\" target=\"_blank\" rel=\"noopener\">AQUI<\/a><\/strong> e conhe\u00e7a as solu\u00e7\u00f5es dos nossos parceiros oficiais, dispon\u00edveis nas solu\u00e7\u00f5es da <strong>PJ Contabilidade<\/strong>.<p><br><\/p><p><br><\/p><p><\/p>\n\n\n\n\n<h2>Our Story<\/h2>\n<h6>nossos servi\u00e7os<\/h6>\n<h5>especializados e t\u00e9cnicos<\/h5>\n<p style=\"text-align: center\">Os servi\u00e7os que prestamos se confundem com nossa hist\u00f3ria. <br>Sempre oferecemos solu\u00e7\u00f5es que s\u00e3o necess\u00e1rias e importantes para nossos clientes.<br> A <strong>PJ Cont\u00e1bil<\/strong> vai al\u00e9m do tradicional, do online e do consultivo. N\u00f3s fazemos a DIFEREN\u00c7A!<\/p><p style=\"text-align: center\"><br><\/p><p style=\"text-align: center\"><span style=\"font-weight: 700; text-align: start;\">Como transpor um desafio?<\/span><br><\/p>\n\n\n\n\n\n\n<h3>Owner<\/h3>\n<h5>assessoria de neg\u00f3cios<\/h5>\n<p> <\/p>\n<p style=\"text-align: justify; \">Abrange TUDO relacionado ao neg\u00f3cio, pois TUDO vai para a Contabilidade. Nossos contadores atuam em diversas \u00e1reas e possuem especializa\u00e7\u00e3o e experi\u00eancia em diversos ramos de neg\u00f3cios e mercados. S\u00e3o gerenciados diretamente pelo s\u00f3cio respons\u00e1vel, usando as melhores pr\u00e1ticas de Gest\u00e3o de Projetos (PMBOK) e Processos (PDCA\/DMAIC). <\/p>\n<p style=\"text-align: justify; \">Nosso s\u00f3cio respons\u00e1vel por essa \u00e1rea \u00e9 <a href=\"https:\/\/www.linkedin.com\/in\/jaimetorres\/\">Jaime Torres<\/a>. Ele \u00e9 analista de sistemas e contador com especializa\u00e7\u00e3o em controladoria e  finan\u00e7as, um apaixonado em aprender e em empreender. Atua desde 1983 com desenvolvimento de sistemas e desde 1989 com contabilidade, finan\u00e7as e controladoria. Se quiser saber mais sobre Jaime, clique <a href=\"https:\/\/www.linkedin.com\/in\/jaimetorres\/\"><strong>AQUI<\/strong><\/a> para abrir o Linkedin.<\/p>\n<p style=\"text-align: justify; \">Na Consultoria, o cliente apresenta o problema e nosso Consultor ap\u00f3s analisar a situa\u00e7\u00e3o, apresenta cen\u00e1rios para que o cliente decisor decida o que \u00e9 melhor e faz a indica\u00e7\u00e3o do cen\u00e1rio recomendado. Mas normalmente N\u00c3O se envolve na execu\u00e7\u00e3o. Nossa ASSESSORIA faz o mesmo processo, com a diferen\u00e7a de que se envolve na execu\u00e7\u00e3o, nos ajustes de rumo durante a execu\u00e7\u00e3o e na entrega da solu\u00e7\u00e3o e resultados, N\u00c3O de maneira pontual, mas cont\u00ednua.<\/p>\n<p style=\"text-align: justify; \">Essa abordagem &#8220;m\u00e3o na massa&#8221; da nossa ASSESSORIA \u00e9 importante para que empreendedores, empres\u00e1rios, diretores e gerentes fiquem focados no neg\u00f3cio, enquanto atuamos na busca de solu\u00e7\u00f5es, com base em dados (informa\u00e7\u00f5es e documentos internos e externos ao neg\u00f3cio) e suas devidas an\u00e1lises, usando ferramentas especialistas de <em>Business Intelligence<\/em> (Intelig\u00eancia de Neg\u00f3cios) .<\/p>\n<p><\/p><p style=\"text-align: justify;\">A nossa&nbsp;<strong>Consultoria \u00e9 um projeto<\/strong> que tem come\u00e7o, meio e fim, que ocorre com a entrega da an\u00e1lise e a recomenda\u00e7\u00e3o. A nossa&nbsp;<strong>Assessoria \u00e9 um processo<\/strong>. Ela come\u00e7a como a Consultoria, mas ap\u00f3s a entrega da an\u00e1lise, tem a prova de conceito, ajustes, acompanhamento e entrega de resultado e rein\u00edcio. \u00c9 um processo constante de An\u00e1lise de Dados do Neg\u00f3cio ligado diretamente a Planos de A\u00e7\u00e3o para execu\u00e7\u00e3o e alcance de metas corporativas, diretivas, gerenciais, t\u00e1ticas ou operacionais. E voc\u00ea escolhe entre uma solu\u00e7\u00e3o pontual (Consultoria) ou uma solu\u00e7\u00e3o cont\u00ednua e pr\u00f3xima (Assessoria). Experimenta nossa capacidade pela Consultoria e se gostar, nos convida a continuar com nossa Assessoria.<\/p><br><strong> Como transpor esse desafio? <\/strong><br>Para a nossa equipe desafio significa oportunidade. Somos especialistas em achar solu\u00e7\u00f5es. Para come\u00e7ar um neg\u00f3cio ou para alavancar neg\u00f3cios. Entre em contato conosco pelo bot\u00e3o abaixo e agende ainda hoje uma reuni\u00e3o sobre o seu desafio.\n\n\n\n\n\n\n\n\nQuando penso que cheguei ao meu limite, descubro que tenho for\u00e7a para ir al\u00e9m.\n\n\n","protected":false},"excerpt":{"rendered":"","protected":false},"author":0,"featured_media":0,"parent":0,"menu_order":0,"comment_status":"closed","ping_status":"closed","template":"","meta":{"pagelayer_contact_templates":[],"_pagelayer_content":"","_joinchat":[],"footnotes":""},"class_list":["post-42","page","type-page","status-publish","hentry"],"jetpack_sharing_enabled":true,"_links":{"self":[{"href":"https:\/\/pjcontabil.com\/site\/wp-json\/wp\/v2\/pages\/42","targetHints":{"allow":["GET"]}}],"collection":[{"href":"https:\/\/pjcontabil.com\/site\/wp-json\/wp\/v2\/pages"}],"about":[{"href":"https:\/\/pjcontabil.com\/site\/wp-json\/wp\/v2\/types\/page"}],"replies":[{"embeddable":true,"href":"https:\/\/pjcontabil.com\/site\/wp-json\/wp\/v2\/comments?post=42"}],"version-history":[{"count":48,"href":"https:\/\/pjcontabil.com\/site\/wp-json\/wp\/v2\/pages\/42\/revisions"}],"predecessor-version":[{"id":763,"href":"https:\/\/pjcontabil.com\/site\/wp-json\/wp\/v2\/pages\/42\/revisions\/763"}],"wp:attachment":[{"href":"https:\/\/pjcontabil.com\/site\/wp-json\/wp\/v2\/media?parent=42"}],"curies":[{"name":"wp","href":"https:\/\/api.w.org\/{rel}","templated":true}]}}